?
2
What is the greatest common factor of 16050 and 86475?
75
Calculate the greatest common divisor of 2 and 116386.
2
What is the highest common divisor of 33 and 325875?
33
Calculate the greatest common factor of 20156 and 92.
4
Calculate the highest common factor of 1072 and 1328.
16
Calculate the highest common factor of 476 and 45934.
238
Calculate the greatest common factor of 13 and 62257.
13
What is the highest common factor of 70 and 15680?
70
Calculate the highest common factor of 2574 and 60588.
198
Calculate the greatest common divisor of 2418 and 24648.
78
Calculate the greatest common factor of 9387 and 21.
21
What is the highest common factor of 875 and 39445?
35
Calculate the greatest common divisor of 89728 and 320.
64
What is the highest common factor of 54 and 18249003?
27
What is the greatest common divisor of 975192 and 24?
24
Calculate the highest common factor of 558 and 60078.
186
What is the greatest common factor of 112 and 217224?
56
What is the highest common divisor of 11 and 33?
11
What is the greatest common divisor of 42952 and 936?
104
What is the highest common factor of 5047 and 2575?
103
Calculate the greatest common divisor of 1935 and 176945.
215
What is the highest common factor of 33 and 5127078?
33
Calculate the highest common factor of 56587 and 11.
1
Calculate the highest common factor of 633 and 7735260.
633
What is the highest common divisor of 144 and 27152?
16
Calculate the highest common divisor of 1650 and 15510.
330
What is the highest common factor of 18 and 2200041?
9
What is the highest common factor of 14485 and 655?
5
Calculate the highest common divisor of 2524 and 16.
4
What is the greatest common divisor of 2192 and 1384?
8
Calculate the greatest common divisor of 167061 and 4302.
717
Calculate the greatest common factor of 429 and 398343.
33
Calculate the highest common factor of 382304 and 6240.
416
Calculate the highest common divisor of 45 and 29115.
45
What is the greatest common factor of 14 and 1139446?
14
Calculate the highest common factor of 37076 and 364.
52
Calculate the highest common factor of 530 and 30.
10
What is the greatest common factor of 244 and 24156?
244
What is the highest common divisor of 24388 and 8463?
91
Calculate the highest common divisor of 2 and 8293.
1
Calculate the greatest common divisor of 22121 and 407.
11
What is the greatest common divisor of 63580 and 100?
20
Calculate the greatest common factor of 721280 and 112.
112
What is the greatest common divisor of 124801 and 74?
37
What is the greatest common divisor of 252 and 15141?
21
What is the greatest common factor of 14819 and 2030?
203
Calculate the highest common divisor of 14817 and 77.
11
What is the highest common factor of 176391 and 278?
139
What is the greatest common divisor of 231942 and 348?
174
Calculate the highest common factor of 2209 and 348881.
47
Calculate the greatest common factor of 264937 and 299.
23
Calculate the highest common divisor of 19278 and 167913.
81
Calculate the highest common divisor of 18202 and 38.
38
What is the highest common divisor of 465 and 15555?
15
What is the greatest common divisor of 2128 and 1938?
38
Calculate the greatest common factor of 3268 and 608.
76
What is the greatest common factor of 95256 and 243?
243
Calculate the greatest common factor of 10944120 and 1980.
660
What is the greatest common divisor of 57530 and 330?
110
What is the greatest common factor of 62802 and 81?
27
Calculate the highest common divisor of 10344 and 96.
24
What is the highest common factor of 168 and 144984?
168
What is the greatest common divisor of 69 and 75?
3
Calculate the greatest common factor of 248 and 7888.
8
What is the highest common divisor of 24975 and 75600?
675
Calculate the highest common divisor of 80 and 4060.
20
What is the highest common divisor of 288 and 47592?
72
What is the highest common divisor of 28 and 168616?
28
What is the greatest common factor of 995 and 5373?
199
Calculate the highest common divisor of 385 and 24640.
385
Calculate the highest common divisor of 198 and 335918.
22
What is the greatest common factor of 550 and 3650?
50
What is the greatest common divisor of 177 and 31?
1
Calculate the greatest common factor of 6016 and 4336.
16
Calculate the highest common divisor of 48 and 24504.
24
Calculate the highest common factor of 548300 and 300.
100
What is the highest common divisor of 10 and 220370?
10
Calculate the highest common divisor of 3486 and 3822.
42
What is the highest common factor of 1892040 and 120?
120
Calculate the highest common divisor of 298 and 1387339.
149
What is the highest common factor of 241566 and 1254?
114
Calculate the greatest common divisor of 323172 and 36.
36
What is the highest common divisor of 112 and 5072?
16
Calculate the highest common factor of 722220 and 60.
60
Calculate the highest common factor of 316178 and 2682.
298
Calculate the highest common divisor of 171798 and 22.
22
Calculate the greatest common divisor of 339876 and 2916.
324
Calculate the greatest common divisor of 170 and 139570.
170
Calculate the greatest common divisor of 1469 and 51641.
113
Calculate the highest common divisor of 623 and 2569.
7
What is the highest common divisor of 108 and 2108?
4
What is the greatest common divisor of 962 and 3244826?
962
What is the greatest common factor of 53705 and 1955?
115
What is the highest common factor of 86411 and 230?
23
What is the highest common divisor of 30 and 22086?
6
Calculate the highest common divisor of 13848 and 96.
24
What is the highest common divisor of 1662735 and 6?
3
What is the greatest common divisor of 26512 and 32?
16
What is the highest common factor of 13459 and 1565?
313
Calculate the highest common divisor of 1760 and 163768.
88
Calculate the greatest common divisor of 273 and 2863.
7
Calculate the highest common factor of 261 and 1954629.
261
Calculate the greatest common divisor of 484 and 1254649.
121
What is the greatest common factor of 1407978 and 396?
198
What is the highest common divisor of 63 and 18039?
21
What is the greatest common divisor of 9571 and 10697?
563
What is the greatest common divisor of 792 and 3852?
36
Calculate the greatest common divisor of 181610 and 143.
143
What is the highest common divisor of 1670218 and 22?
22
Calculate the greatest common divisor of 2919 and 23535897.
2919
What is the greatest common factor of 285 and 43965?
15
Calculate the greatest common divisor of 301886 and 5304.
442
Calculate the highest common factor of 248 and 88908.
124
Calculate the highest common factor of 63036 and 10404.
612
What is the highest common factor of 1170 and 63310?
130
What is the highest common divisor of 15108 and 20?
4
What is the highest common factor of 27 and 72225?
27
What is the highest common factor of 506305 and 545?
545
What is the highest common divisor of 109557 and 27639?
333
What is the greatest common factor of 40110 and 210?
210
What is the greatest common factor of 78 and 2990?
26
Calculate the greatest common divisor of 129 and 1521899.
43
What is the greatest common factor of 57 and 57057?
57
What is the highest common divisor of 32523 and 1332?
111
Calculate the highest common divisor of 68049 and 9.
9
Calculate the greatest common divisor of 44 and 25652.
44
Calculate the greatest common factor of 2681 and 21.
7
What is the highest common factor of 1188 and 233442?
594
What is the greatest common divisor of 5281485 and 165?
165
What is the highest common divisor of 130692 and 1548?
12
Calculate the greatest common factor of 437 and 202274.
19
What is the highest common divisor of 5817 and 609?
21
What is the greatest common divisor of 2280 and 48165?
285
What is the highest common factor of 347 and 122?
1
What is the highest common factor of 20 and 306980?
20
What is the highest common factor of 669 and 931917?
669
What is the highest common divisor of 225 and 3965265?
45
Calculate the greatest common divisor of 2875 and 26450.
575
Calculate the greatest common factor of 106680 and 15.
15
What is the greatest common divisor of 3943848 and 808?
808
What is the greatest common factor of 123 and 164287?
41
Calculate the highest common divisor of 14403 and 12.
3
Calculate the greatest common divi